. Let u be r(-4). Suppose 0 = 2*z - 1 - u. Let y(d) = d**3 - 4*d**2 - 4*d + 3. List the prime factors of y(z).
2
Let s = -1 - 4. Let b(j) = -j**2 - 4*j + 5. Let c be b(s). Suppose -4*y + c*f + 46 = -f, 0 = 2*f + 4. What are the prime factors of y?
11
Let c(l) = 6*l**3 - 12*l**2 - 11*l + 4. Let o(v) = -5*v**3 + 11*v**2 + 10*v - 3. Let z(f) = 6*c(f) + 7*o(f). List the prime factors of z(-2).
7
Suppose -7 + 55 = 3*d. What are the prime factors of d?
2
Let q(i) = 6*i**2 - 4*i - 1. List the prime factors of q(3).
41
Let i be ((-22)/8 - -2)*8. What are the prime factors of 9/i*56/(-6)?
2, 7
Let x(g) = -g**3 + 4*g**2 - 1. Let r be x(4). Let s be 12/2*r/(-2). Suppose v - 30 = -3*b + 6*b, 0 = 2*v + s*b - 33. What are the prime factors of v?
3, 7
Let o = 155 + -41. What are the prime factors of o?
2, 3, 19
Let f be (-70)/(-9) - 2/(-9). Let y(t) = -t**3 + 9*t**2 - 7*t - 4. What are the prime factors of y(f)?
2
Suppose 138 = 3*h + 45. List the prime factors of h.
31
Suppose -21*s - 1254 = -27*s. List the prime factors of s.
11, 19
Suppose n - 4*f = -7*f + 42, f = -2. What are the prime factors of n?
2, 3
Suppose -6*g + 99 = -447. What are the prime factors of g?
7, 13
Let l(d) = d - 6. Let s be l(5). Let m be 2/(3/21 + 0). Let x = m + s. List the prime factors of x.
13
What are the prime factors of (-1 - 85)*1/(-2)?
43
Suppose -8 = -f + 2*i, 0*i - 2*i + 62 = 4*f. Let w = -8 + f. List the prime factors of w.
2, 3
Suppose 4*z + 16 = -p + 6*p, -5*p + 2*z = -8. Suppose p*d - 3*d = 30. Let s(v) = -v**2 - 12*v - 5. List the prime factors of s(d).
3, 5
Suppose 117 = 3*g + 3*n, 0*g - n + 171 = 4*g. What are the prime factors of g?
2, 11
Let t(z) = -3*z - 5. Let p be t(9). Let s = -10 - p. Let m = s - 8. List the prime factors of m.
2, 7
What are the prime factors of ((-12)/(-8))/3*256?
2
Let d be 0 + 1 + -9*1. Let w be ((-4)/d)/((-1)/(-10)). Suppose b - 10 = -2*f, 2*f + 0*f + 86 = w*b. List the prime factors of b.
2
Let z(p) = 3*p + 3*p**2 + 5*p + 3 - 9*p. List the prime factors of z(-4).
5, 11
Suppose 4*b + 38 - 118 = -5*o, -o = 4*b - 96. What are the prime factors of b?
5
Let w be ((-2)/6)/((-4)/108). Suppose -2*g + w = -5. List the prime factors of g.
7
Suppose -5*u = -5*y - 400, 4*y + u = -237 - 83. What are the prime factors of 75*(-4)/(y/12)?
3, 5
List the prime factors of (-27)/(-4) - 21/28.
2, 3
Let z be 33 - (0/(-2) - -1). Let u(i) = -i**2 + 2*i + 10. Let r be u(6). What are the prime factors of (-2)/(z/r - -2)?
7
Let q(x) = x**3 - x - 4. Let j be q(0). Let o(w) = -3*w + 5. What are the prime factors of o(j)?
17
Let k(v) = 2*v + 9. Let u be k(-6). What are the prime factors of 2/(-2)*(0 + u)?
3
Suppose -2*p + 18 = 64. What are the prime factors of 1/(-1 - 24/p)?
23
Suppose -5*d + 290 - 110 = 0. What are the prime factors of d?
2, 3
What are the prime factors of ((-5)/((-15)/468))/(9/6)?
2, 13
Let j(d) = -d**2 - 10*d - 11. Let f be j(-10). Let l(b) = -b**3 - 11*b**2 - 2*b + 2. What are the prime factors of l(f)?
2, 3
Let v(s) = -s**3 - 9*s**2 - 12*s - 21. List the prime factors of v(-9).
3, 29
Suppose 0*w - 70 = -2*w. What are the prime factors of w?
5, 7
Let p be 19/3 - (-4)/6. Let i(n) = -n**3 + 7*n**2 + 6*n - 10. What are the prime factors of i(p)?
2
Let h = -40 - -23. Let l = h + 31. List the prime factors of 52/l + 10/35.
2
Suppose 0 = 4*v + 4, 11 = b + 3*v - 12. What are the prime factors of b?
2, 13
Suppose i = 4*v - 424, -i = -3*v - 2*i + 311. What are the prime factors of v?
3, 5, 7
Let l(i) = -i**2 + 20*i + 25. List the prime factors of l(17).
2, 19
Suppose 0 = 7*v - 3*v - 356. Suppose -3*j - 2*z - 28 + v = 0, 3*j - 4*z = 85. What are the prime factors of j?
23
Suppose 0*h - 5*o = -3*h - 73, 0 = -5*h + o - 107. Let f = h - -35. List the prime factors of 52/f + 4/14.
2
Let c = -298 - -488. What are the prime factors of c?
2, 5, 19
Let w = 11 + -6. List the prime factors of w.
5
Let v(z) = z**3 - 4*z**2 - 20*z + 12. What are the prime factors of v(9)?
3, 79
Let w = -8 - -11. Suppose 0 = w*s - 25 + 4. What are the prime factors of s?
7
What are the prime factors of (48/(-5))/(33/(-1210))?
2, 11
Suppose 2 = g + x, -2*g + 2*x - 1 = 3. Suppose g = -i - i + 14. List the prime factors of i.
7
List the prime factors of 4 + -10 + 6 - (-2 - 31).
3, 11
Let b(u) = u**2 - 16*u - 3. What are the prime factors of b(18)?
3, 11
Let j(l) = l + 1. Let v(c) = 5*c - 2. Let r(a) = 3*j(a) - v(a). What are the prime factors of r(-7)?
19
Suppose -2*q + 3*b = 6*b - 58, -3*b = -3*q + 117. Suppose m + 3*f = -1 + 7, -4*m = f - q. What are the prime factors of m?
3
Let m(x) = -x**2 + 11*x - 2. Suppose 5*o = 58 - 13. List the prime factors of m(o).
2
Let s = 52 - 46. What are the prime factors of s?
2, 3
Let a(i) be the second derivative of -i**5/20 + 2*i**4/3 - 4*i**3/3 + i**2 - i. Let h be a(6). Suppose -6 = 5*y - h. What are the prime factors of y?
2
Let r be 4/3*(0 - 75). Let i = -70 - r. Suppose -3*x + i = 3*a, 0*a + 15 = 2*a - 3*x. What are the prime factors of a?
3
Let f = -2 + 0. Let m(b) = 6*b**3 + 9*b**2 + 5*b + 10. Let l(c) = c**3 + 2*c**2 + c + 2. Let n(z) = f*m(z) + 11*l(z). What are the prime factors of n(4)?
2, 3
Let g be 2/((-2)/(-3)) - -7. Let l = 4 + g. What are the prime factors of l?
2, 7
Suppose -10*j = -7*j - 78. What are the prime factors of j?
2, 13
Let y = 38 + -16. List the prime factors of y.
2, 11
Let t = 139 - -139. List the prime factors of t.
2, 139
Suppose -7 = -2*c + 1. Suppose 0 = k + c*k - 30. What are the prime factors of (28/k - -1)*3?
17
Let j be (-4)/6 - (-1070)/30. Let w = j - 19. List the prime factors of w.
2
Let t be (-70)/8 + (-1)/4. Let n = -5 - t. What are the prime factors of n?
2
Let h be 1 - (-1 + (-26)/1). Let m = -7 + h. What are the prime factors of m?
3, 7
Suppose 5*h = -0*h + 720. List the prime factors of h/45 + 1/(-5).
3
Let n = 91 - 22. List the prime factors of n.
3, 23
Let f be 2/(-13) - (-119)/13. Let j(p) = p**3 - 9*p**2 + 2*p - 10. What are the prime factors of j(f)?
2
Suppose -3*q + 243 = 5*i + 35, 0 = 2*q + 4*i - 142. List the prime factors of q.
61
Let d = 2 - 2. Suppose -3*a - 3*t + 78 = d, -2*a + 2*t - 124 = -7*a. What are the prime factors of a?
2, 3
Let h be 1 + (-1 - -2) - 4. Let b(m) = 3*m**3 + 2*m**2 + 2*m + 3. Let s be b(h). Let a = -9 - s. List the prime factors of a.
2
Let o be 4/30*-3*-5. Suppose -3*m + 50 = 2*n + 2*m, -n + 23 = o*m. List the prime factors of n.
3, 5
Let u(v) = 2*v**3 - 5*v**2 + v - 6. List the prime factors of u(6).
2, 3, 7
Let s(z) = z + 6. Let u be s(-3). Let k = u + -2. Let n = 8 + k. What are the prime factors of n?
3
Let s(g) be the third derivative of g**6/120 + g**5/15 + g**4/6 + g**3/3 - 4*g**2. Let k be s(-3). Let q = k + 7. What are the prime factors of q?
2, 3
List the prime factors of (8/(-10))/((-8)/200).
2, 5
Suppose 81 = 5*x - 214. List the prime factors of x.
59
Let m be 5/4 + 3/(-12). Suppose -v + m + 5 = l, -3*v + 5*l = -18. What are the prime factors of v?
2, 3
Let y be (-3)/(4/(120/(-9))). Let h = 11 + -8. Let v = y - h. List the prime factors of v.
7
Let d(h) = 9*h + 2. What are the prime factors of d(2)?
2, 5
Let k(g) = -g**3 + 10*g**2 - 10*g + 9. Let r be k(9). Suppose 0*h = 4*s - h - 256, 5*h = r. Suppose 3*x - s = -x. List the prime factors of x.
2
What are the prime factors of 22 + (2 - -1 - -1)?
2, 13
Let i(h) = 4*h**3 - 7*h**2 + 5*h - 1. Let f = -4 - -1. Let l(j) = -7*j**3 + 13*j**2 - 9*j + 1. Let c(k) = f*l(k) - 5*i(k). List the prime factors of c(4).
2, 5
Let c be (3 - 3) + 2/(-2). Let n = -1 - c. Suppose 2*w = b + 2, -b + 5*w - 11 = -n*b. What are the prime factors of b?
2
Let b = 64 + -39. List the prime factors of b.
5
Let l(h) be the third derivative of h**4/24 + h**3/6 + h**2. Let a be l(8). List the prime factors of 1/1*a/1.
3
Suppose 0*y = -5*w + y + 270, 0 = 4*w + 3*y - 216. What are the prime factors of w?
2, 3
Let x(b) = -b - 5. Let h be x(-6). List the prime factors of -8*(h - (2 - -1)).
2
Suppose 2*m - 47 - 9 = 0. What are the prime factors of m?
2, 7
Let a(f) = 5*f + 23. Let p(d) = 6*d + 24. Let i(w) = 5*a(w) - 4*p(w). Let n be (-1 + -1)*45/10. List the prime factors of i(n).
2, 5
Suppose 0 = m + 2, -3*a + 2*m = m - 50. List the prime factors of a.
2
Suppose 3*u - w + 24 = 2*w, -3*w = -15. Let z be (2 + u)*6*1. What are the prime factors